Let s be c(20). Let l(n) = n**2 + 5*n - 4. Let w be l(-7). What is the highest common divisor of w and s?
5
Suppose -83 - 57 = -5*k. Suppose -2*n - 15 = -4*i + 163, -5*i + n = -215. What is the greatest common divisor of i and k?
14
Suppose -15 + 3 = -6*g. Suppose -5*h = -b - 222, -g*b - 38 = -h - 5*b. Suppose -6*c + 5*c = -22. What is the greatest common factor of h and c?
22
Let f be (-390)/(-50) - (-4)/(-5). Suppose f*w - 12 = 3*w + 4*k, 0 = 2*w + 5*k - 27. What is the greatest common factor of w and 48?
6
Let l be 2/(-8) - (-19825)/20. Suppose 7*y + 263 = l. What is the greatest common factor of 26 and y?
26
Suppose -3*t + 16 = -14. Let j(h) = 2*h**3 + 10*h**2 + 6*h - h**3 + 4 - t. Let k be j(-9). Calculate the highest common divisor of 231 and k.
21
Let y be (-606)/(-14) - -2*6/(-42). What is the highest common factor of 602 and y?
43
Let g(v) = 10*v + 5. Let d be g(3). What is the highest common divisor of d and 75?
5
Suppose 4*p = 3*y - 21, 3*y + p = 3*p + 21. Suppose 2*n - 3*x = -2, -15 + 3 = -3*x. Suppose 0 = 2*r + 3 - n. Calculate the greatest common factor of y and r.
1
Suppose j + 37 = v - 13, 5 = -5*j. Calculate the greatest common factor of v and 140.
7
Let o(x) = 3*x**2 - 68*x + 33. Let n be o(28). What is the highest common factor of n and 37?
37
Suppose 7*g - 360 = 2*g. Suppose 11 + 1 = r. Calculate the highest common divisor of r and g.
12
Let t(y) = 76*y**2 + y. Let g be t(1). Let q = 9 + -9. Suppose -5*w - 25 = q, 4*k - 32 - 32 = 4*w. Calculate the greatest common factor of g and k.
11
Suppose r = 3*s - 129, -17*s = -18*s + 2*r + 38. Calculate the greatest common divisor of s and 11.
11
Suppose 9*d - 6*d = z - 4, 0 = -4*d + 4. Calculate the greatest common divisor of z and 14.
7
Let i = -989 - -2509. Suppose -i = -4*b + 2*m - 186, 0 = -b - 3*m + 337. Let q = -202 + b. What is the greatest common divisor of 33 and q?
33
Let m be ((2 - 3)*-22)/((-14)/(-28)). Calculate the greatest common factor of 286 and m.
22
Suppose 0 = 2*w + 5*u - 75, -2*u + 124 = 3*w + 17. Let o = -27 + w. Calculate the highest common divisor of o and 4.
4
Let h be 33/11 + 73 - 4. Let w be (-1 - 2)/((-2)/6). Calculate the greatest common factor of h and w.
9
Let i = -2701 + 3796. Calculate the greatest common factor of 75 and i.
15
Suppose 0 = -27*q + 32*q - 250. Let x = 141 + -41. Calculate the greatest common factor of x and q.
50
Let k = 238 - 160. Calculate the greatest common factor of 26 and k.
26
Suppose 5*i - 9 = 116. Suppose 18 - 8 = p. What is the greatest common factor of p and i?
5
Suppose 9 = n - 24. Let g be n - (3 + (-8 - -4)). What is the greatest common factor of 170 and g?
34
Let x(k) = -44*k - 438. Let v be x(-10). Calculate the highest common factor of v and 26.
2
Suppose 162 = -321*q + 330*q. Let u be -30*5/((-25)/24). Calculate the greatest common divisor of u and q.
18
Let u = 279 - 207. Calculate the highest common divisor of u and 576.
72
Let y be (-2 - 2)/(84/(-693)). What is the highest common factor of 660 and y?
33
Suppose 2*f + 4 = 24. What is the highest common divisor of f and 25?
5
Let p(j) = -j**2 + 10*j + 2. Let v be p(9). Suppose 0*b - 5*d = -4*b - 196, 5*d + 24 = -b. Let y = b - -88. Calculate the highest common divisor of v and y.
11
Suppose -y + 2*y + 28 = 4*j, -2*j + 2*y + 20 = 0. Let s(u) = -3*u - j*u**2 + 11*u + 13 + u**3 - 12. Let z be s(6). What is the highest common factor of z and 7?
7
Let q be (2 - 48/15)*1520/(-57). What is the highest common factor of q and 512?
32
Suppose -68 = -4*m - 0*m - s, 4*s = 0. Let w = 169 + -33. Calculate the greatest common divisor of m and w.
17
Let k(j) = 2*j**2 - 5*j - 17. Let t be k(11). What is the greatest common factor of t and 10?
10
Let a be 111/4 - (-2)/8. Suppose -c + 4*y + 24 = 0, -3*c - 15*y + 13*y = -2. Calculate the greatest common factor of a and c.
4
Suppose 5*f + 13 = 53. Suppose 4*i = -f - 4. Let g be ((-7)/(-1) - 2) + i. Calculate the highest common factor of 12 and g.
2
Let b be (52/(-10))/((180/(-50))/9). What is the highest common factor of b and 416?
13
Suppose 3*i + 55 = -5*l + 483, 4*l = i - 137. Suppose -v - 3*a - 53 = -2*v, -v + 43 = 2*a. What is the greatest common divisor of i and v?
47
Let q = 46 + -42. Let s = -15 + 16. Calculate the highest common divisor of q and s.
1
Suppose 12*f = 10*f. Suppose f*w + 10 = 2*w. What is the greatest common divisor of w and 1?
1
Let h = 71 - 62. Suppose 2*o - h = o. What is the greatest common factor of o and 63?
9
Let u = 68 - 50. Suppose s = -s + 12. Calculate the greatest common divisor of s and u.
6
Let f = -64 + 139. What is the greatest common divisor of f and 15?
15
Suppose 0 = 16*c - 2*c - 1008. Let u = 85 - c. Calculate the highest common factor of 104 and u.
13
Suppose 4*c = 5*n - 13 + 3, -4 = -2*n + 2*c. Suppose -288 = -6*o - n*o. Let v be (2 - 4)*(1 + -3). What is the greatest common factor of v and o?
4
Let k(i) be the second derivative of i**5/20 - 7*i**4/12 - i**3 + 5*i**2 - 20*i. Let b be k(8). Calculate the highest common factor of b and 52.
26
Suppose -w + 4*w = -99. Let h be -14*((-3)/2 - -3). Let y = h - w. Calculate the greatest common factor of y and 6.
6
Suppose 5*p + w = 5*w + 492, 0 = p + 4*w - 84. What is the highest common factor of 36 and p?
12
Suppose -590 = -9*m - 131. Calculate the greatest common divisor of m and 663.
51
Suppose -5*w - 3*v - 5 - 18 = 0, 0 = -2*v - 2. Let c be (-1)/3 + (-57)/(-9). Let u = c - w. What is the highest common factor of u and 80?
10
Let r = -18 - -48. Let h = -57 + -87. Let o = 219 + h. Calculate the greatest common factor of r and o.
15
Suppose 38 = 2*g - 22. Calculate the highest common factor of 30 and g.
30
Let m(s) = s + 17. Let q be m(-13). Let l(t) = -t**2 + 3*t + 8. Let v be l(q). Let y be 26/v + (-12)/(-8). Calculate the highest common factor of 2 and y.
2
Let g(r) = r**2 - r + 30. Suppose 0 = -0*j - j. Let h be g(j). Let z = -43 - -88. What is the greatest common divisor of z and h?
15
Let v(h) = h**3 - 9*h**2 + 5*h - 14. Let i be v(7). Let t = i + 232. What is the highest common divisor of 31 and t?
31
Let g be 4/(20/825) + 5. Calculate the greatest common factor of 50 and g.
10
Let f(d) = -2*d**3 + 16*d**2 - 11*d - 6. Let x be f(6). Suppose 9*q - q - x = 0. Calculate the greatest common divisor of q and 90.
9
Suppose 0 = 5*p - 4*p - 14. Suppose 0*d - d = -5*g + 34, -g + 2*d + p = 0. Calculate the greatest common divisor of 18 and g.
6
Let l = 24 - 10. Let g(r) = -r**3 - 13*r**2 + 38*r + 141. Let q be g(-15). Calculate the highest common factor of l and q.
7
Let c(r) = 6*r - 2. Let i be c(5). Suppose 5*t - i - 42 = 0. Let x be 448/6*117/78. Calculate the highest common divisor of t and x.
14
Let n = 11 + -15. Let l = 6 + n. Suppose t - 3 = -l. What is the greatest common factor of 11 and t?
1
Let v(f) = -17*f - 104. Let u be v(-12). Calculate the highest common divisor of 90 and u.
10
Suppose -4*o + 16 = -4. Suppose j - o*u = 5*j, 21 = j - 4*u. Suppose 3*n + j*l = 225, n - 2*n + 2*l = -64. What is the greatest common divisor of n and 10?
10
Let y = 156 - 127. Calculate the greatest common divisor of 1073 and y.
29
Let u(q) = -q**2 + 9*q + 32. Let y be u(10). Calculate the highest common factor of 2 and y.
2
Let f(s) = 5*s**2 - 2*s + 1. Let p be f(2). Suppose -b + 9 = -p. What is the greatest common factor of 39 and b?
13
Let v(g) = -16*g - 3. Let m be v(1). Let t(u) = u**2 + 18*u - 13. Let j be t(m). Calculate the highest common factor of j and 18.
6
Let g = 39 - 39. Let s = g + -11. Let y(r) = -4*r - 27. Let i be y(s). What is the greatest common divisor of 34 and i?
17
Let q = -3 - -6. Suppose -1 - q = 2*r. Let z be r/2 - 2 - -9. Calculate the greatest common divisor of 30 and z.
6
Let c be ((-3)/6)/(2/(-444)). What is the highest common factor of 111 and c?
111
Let u be (15/7 + -1)/(70/245). What is the greatest common factor of 46 and u?
2
Let f be (12/4 - 1) + (-4 - -82). Calculate the greatest common divisor of 2000 and f.
80
Let w(z) = -z**3 + 3*z**2 + 5*z + 1. Let l be w(5). Let j = -15 - l. Let g = j - 2. What is the greatest common factor of 28 and g?
7
Suppose -14*i - 5*z = -13*i - 358, 5*i = -z + 1814. Let w = 103 - 70. What is the greatest common divisor of w and i?
33
Let k = -38 - -72. Suppose 31*t - 153 = 22*t. Calculate t